*m(a) + 3*o(a). Calculate s(-5).
2
Let b = -6 + 8. Let p be b - (0 - (-1 - 0)). Let r(y) = -y**2 - p - 3 + 4*y - 5*y. What is r(0)?
-4
Let z(g) = -3*g**2 + 49*g - 19. Let r be z(16). Let u(c) = c**3 + 5*c**2 + 2*c - 3. Determine u(r).
9
Let q(y) be the second derivative of -y**5/20 - y**4/6 + y**3/3 - y**2/2 + 29*y. What is q(1)?
-2
Let s = 2 + 3. Let g = s - 3. Let j(h) = h**2 - 6*h**g + 4*h + h**2 - 3 + h**3. Give j(2).
-3
Let q be (1 - 0)*3/3. Let i(l) = l + 3 + q - 3. Calculate i(-5).
-4
Let b = -12 + 10. Let t(o) = -3*o**3 - 2*o**2 + 2*o. Calculate t(b).
12
Let p(t) = t**2 - 3*t - 4. Let r = -2 - -7. Determine p(r).
6
Let b(k) = k**3 + 4*k**2 + 4*k + 4. Suppose -4*u = -u + 9. What is b(u)?
1
Let s(w) = -w**2 - 1. Let d = -73 - -76. Determine s(d).
-10
Let z(x) be the second derivative of -x**5/20 + x**4/3 - 2*x**3/3 + 3*x**2/2 + x. Suppose -3*m - 6 = 5*n, 5*n - 2 = 2*m - 23. Give z(m).
0
Let h be (-3)/(-6) - (-6)/4. Let q(z) = -6*z**3 + 23*z**2 - 14*z - 23. Let t(c) = 2*c**3 - 8*c**2 + 5*c + 8. Let w(k) = -6*q(k) - 17*t(k). Determine w(h).
8
Let f(y) be the second derivative of -y**5/120 - y**4/3 + y**3/3 - 2*y. Let j(u) be the second derivative of f(u). What is j(0)?
-8
Let z(o) be the first derivative of -1 + 0*o - 1/60*o**5 + 5/24*o**4 - 1/2*o**3 - o**2. Let h(v) be the second derivative of z(v). Give h(2).
3
Let v be (-2)/4 - (-15)/6. Let q(m) = m - 3 - 8 + 4*m**2 - 4*m**v - m**3. What is q(0)?
-11
Let m(b) be the third derivative of -b**6/120 - b**5/30 - b**4/6 - b**3/3 - 34*b**2. Give m(-2).
6
Let r(g) = -3. Let u(m) = -m + 2. Let k(y) = 2*r(y) + 3*u(y). Let z(h) = h - 4. Let f be z(8). Let s be (2 - -1)*-1 + f. What is k(s)?
-3
Let u(m) be the first derivative of m**5/120 - 2*m**3/3 - 1. Let c(j) be the third derivative of u(j). Suppose 0 = -y + 2*y - 1. Determine c(y).
1
Let r(a) be the first derivative of a**4/24 + 2*a**3/3 + a**2 - 2. Let k(c) be the second derivative of r(c). Give k(-3).
1
Let n(j) = 2*j - 5. Let d(g) = g**2 - 5*g + 9. Let o(s) = -3*d(s) - 5*n(s). Calculate o(3).
-14
Let v be (27/3)/(-3) + 0. Let d(s) = s**3 + 3*s**2 - 4*s - 4. Calculate d(v).
8
Let u(v) = -v**3 + 7 - 12*v**2 - 6*v + 0*v**2 + 3*v**2 + 1. Determine u(-8).
-8
Let k(o) = 3*o + 9. Suppose h + 5*x - 23 = 0, 3*h + 92 = 7*h + 3*x. Let n = -29 + h. Calculate k(n).
-9
Let d(z) = -z**2 - 6*z - 5. Let u be d(-5). Let c(f) = 5*f**2 + 2*f + 5. Let t(j) = 3*j**2 + j + 3. Let a(q) = 4*c(q) - 7*t(q). Give a(u).
-1
Let t(q) = -q**3 - q**2 + 3. Let o = 14 - 17. Calculate t(o).
21
Let f = -3 + 5. Suppose 5*t = 3*q - 2, -f*q + 3*t + 4 = t. Let i = q + -5. Let k(p) = 5*p - 1. Give k(i).
-6
Let i(c) = -2*c**3 - 6*c**2 + c - 1. Let y(j) = j**3 - j + 1. Let p(b) = i(b) + y(b). Determine p(-6).
0
Let y(p) = -2*p + 3*p + 3 - 2*p. Suppose 0 = -0*s + 6*s. Calculate y(s).
3
Let i(p) = 3*p + p - 113 + 111. Give i(-2).
-10
Let m(w) = -w - 5. Let c(s) be the third derivative of -s**5/60 - s**4/4 + s**3/3 - 6*s**2. Let a be c(-7). Give m(a).
0
Let r be (3 - 1) + -1 - -4. Let g(c) = c**3 - 1. Let o(v) = -2*v**3 - 6*v**2 + 6*v + 6. Let l(d) = 3*g(d) + o(d). Determine l(r).
8
Let m(b) = -2*b**3 - 4*b**2 - 5*b - 7. Suppose -i + 3 = 2*i. Let l(w) = w**3. Let j(v) = i*m(v) + 3*l(v). Calculate j(5).
-7
Suppose 2*b = -2*b. Let h be 4/(-10) + 12/5. Let n(w) = -1 - 3 - h - w. Calculate n(b).
-6
Let a(m) be the second derivative of m**7/280 + m**6/180 - m**5/120 + m**3/2 - 2*m. Let n(y) be the second derivative of a(y). Calculate n(1).
4
Let x = 147 - 99. Let m(c) = -7*c**2 - 9 + c**3 + 55*c + 0*c**3 - x*c. Give m(6).
-3
Let k(i) = -19*i**3 - 7*i**2 + 3*i - 3. Let z(w) = -6*w**3 - 2*w**2 + w - 1. Let l(n) = 2*k(n) - 7*z(n). Give l(1).
4
Let i = 10 + -7. Let n(j) = i + 0 + 2*j - 2 + j**3. Let l be n(-1). Let g(d) = -d**2 + 2*d + 1. Give g(l).
-7
Let i(r) = -20*r - 23. Let x(n) = -7*n - 8. Let c(h) = 6*i(h) - 17*x(h). Determine c(-4).
2
Let s(r) be the third derivative of r**5/60 - 9*r**2. Suppose -2*d = 3*d. Calculate s(d).
0
Let b(d) be the second derivative of -3/2*d**2 + 0 + 1/20*d**5 + 1/4*d**4 - 1/2*d**3 + 3*d. What is b(-4)?
-7
Let b = -17 + 14. Let i(n) = n + 2. Determine i(b).
-1
Let f(w) be the second derivative of 1/2*w**3 + 0 + 2*w + 0*w**2. Determine f(1).
3
Let x(g) be the third derivative of 0*g**4 + 0 + 1/20*g**5 + 0*g**3 + g**2 + 0*g. Let f(t) = t**2 - 5*t + 3. Let v be f(4). What is x(v)?
3
Let a(u) be the first derivative of u**2/2 - 6*u - 5. Let h(m) = -m + 2. Let o be h(2). Calculate a(o).
-6
Let h(t) = 3*t - 4. Let p(s) = -6*s - 50. Let q be p(-9). Determine h(q).
8
Let v(u) = 6*u**3 + 17*u**2 - 2*u + 2. Let q(k) = 5*k**3 + 16*k**2 - 3*k + 1. Let s(b) = -7*q(b) + 6*v(b). Determine s(9).
5
Let c = -49 - -46. Let s(m) be the third derivative of -m**4/24 + 2*m**3/3 + 2*m**2. Calculate s(c).
7
Suppose 23 = -4*n - p, -4*p + 21 = -3*n - 1. Let t(w) = -w**3 - 6*w**2 + w + 3. What is t(n)?
-3
Let z be 9*(2/(-3))/(-1). Let k(f) = -13*f**2 - 19*f + 3. Let y(g) = 8*g**2 + 10*g - 1. Let l(u) = 3*k(u) + 5*y(u). Give l(z).
-2
Let p(q) = -3*q**3 - 6*q**2. Let m(d) = -2*d**3 - 4*d**2. Let x(h) = 8*m(h) - 5*p(h). Suppose -1 = -4*b - 5*z - 9, -8 = 4*b - 3*z. Calculate x(b).
0
Suppose 3*l - 8 + 2 = 0. Let i(g) = -1 - l + 3 + 11*g. Calculate i(1).
11
Suppose 4*b - 3 - 9 = 0. Let v(g) be the first derivative of -g**3/3 - g**2 + 3*g - 4. What is v(b)?
-12
Let y = -103 - -100. Let r(s) = -7*s - 4. Calculate r(y).
17
Suppose -3*q + 15 - 46 = -5*j, -13 = -2*j + q. Suppose i = -3*i + j. Let c(n) = -2 + 3 + n**2 - 2. Determine c(i).
3
Let m be 4/(-2) + -1 + 3. Let v = 15 - 10. Let n(o) = -1 + 9*o - v*o**2 - 10*o + 4*o**2. Calculate n(m).
-1
Let w(l) = -l**2 + 6*l - 1. Let r(g) = 2*g - 16. Let d be r(9). Let q be d*-2*(-3)/2. Calculate w(q).
-1
Let y be 4/6 + 16/(-6). Let h(o) be the third derivative of -o**5/30 - 14*o**2. Give h(y).
-8
Let y be (2/1)/(2/(-4)). Let a(j) = -10*j + 14*j - 3*j. Determine a(y).
-4
Let y(w) = 14 - 5 - 3*w**2 + 2*w + 0*w. Let j(d) = -2*d**2 + d + 5. Let k(u) = -5*j(u) + 3*y(u). Let q be k(0). Let f(l) = -l**2 + 2. Determine f(q).
-2
Let i be -8 + (-1)/(2/(-8)). Let q(x) = x**3 + 4*x**2 - 3*x - 1. What is q(i)?
11
Let m(j) be the first derivative of -3*j**5/40 - j**4/24 + 2*j**3/3 - 3. Let l(y) be the third derivative of m(y). Calculate l(-1).
8
Let z(i) be the first derivative of -i**2 - 3*i + 1. Suppose -2*v - 12 = -4*v + f, -2*v - 5*f - 12 = 0. Determine z(v).
-11
Let u(x) = -2*x - 8. Suppose 2 = g - 2*h, -5*h + 6 = -3*g - 2*h. Determine u(g).
4
Suppose o + 11 = -4*p, -5*p = 2*o - 7*o + 45. Suppose -o*j - 25 = -0*j. Let t = 3 + j. Let i(k) = 2*k**2 + 2*k - 1. Determine i(t).
3
Let y(c) = -6*c**3 + c**2 - 11. Let j(s) = 5*s**3 - s + 10. Let b(t) = -7*j(t) - 6*y(t). Calculate b(4).
-8
Let g(m) = -m**3 + 6*m**2 + 7*m + 2. Let b = -8 + 11. Suppose 0*c + b*c - 21 = 0. Let j be g(c). Let v(l) = -l**3 + l**2 - 3*l + 1. Determine v(j).
-9
Let z(f) = f**2 + 5*f - 5. Let s(d) be the second derivative of -d**3/3 + d**2 - d. Let w be s(4). Let q = w + 1. Calculate z(q).
-5
Let i(a) be the third derivative of a**4/24 - a**3/3 + 3*a**2. Let g(t) = -2*t - 7. Let d be g(-6). Determine i(d).
3
Let n(c) = -4*c**2 + 7*c + 5. Let j(a) = -a**2 + 2*a. Let u(x) = 3*j(x) - n(x). What is u(0)?
-5
Let a be 0 + (-2)/(-4) + 5/(-10). Let p(n) = n**2 - n - 11. Determine p(a).
-11
Let c(r) = -2*r**2 - 4*r + 4. Suppose 4*w - 20 = 0, 6 = -4*y + 4*w - 14. Let z be 1 - 2 - (y + 3). What is c(z)?
-12
Let g(c) = c**3 + 3*c**2 - 2*c - 3. Let o(d) = -d**3 + 3*d**2 + 3. Let p be o(3). Suppose 0*y = -p*y + 24. Let m = 5 - y. Determine g(m).
3
Let g(l) = 5*l + 0*l + 0*l. Let w(k) = k. Let n(t) = 2*g(t) - 9*w(t). Let h be ((-6)/(-4))/(1/(-2)). Give n(h).
-3
Let i be 3*(1/(-3) + 0). Suppose 3*p = -y + 2 - 14, 5*y = 5*p + 40. Let x(r) = -5*r**y - 3*r**2 + 3*r**2 + 1. What is x(i)?
6
Let j(t) be the second derivative of -t**3/3 + 7*t**2/2 + 32*t. Give j(7).
-7
Let p be (-51 + 1)*12/10. Let s be (1/3)/((-10)/p). Let k(j) = -j**3 - 3*j**2 + 3*j. Determine k(s).
-14
Let t(y) = -5*y**2 - y**3 + 4 - 3 - 7*y - 3*y**2. What is t(-7)?
1
Let l(c) = 5*c**2 - 4*c - 6. Let r(n) = 4*n**2 - 3*n - 5. Let p(b) = 2*l(b) - 3*r(b). Give p(3).
-12
Let u = -2 - -1. Let z = 3 + u. Let q(n) = -1 - 5*n**z - 2*n + 4*n**2 + n**2 - 